the highest common divisor of 11 and o?
1
Suppose -2*t = 3*t - 330. Let i be (-3 - t/(-14))*14. Calculate the highest common divisor of 192 and i.
24
Let q(p) = -3*p**2 + 17*p + 18. Let f(k) = -2*k**2 + 11*k + 12. Let n(m) = -8*f(m) + 5*q(m). Let o be n(-6). Calculate the greatest common divisor of o and 48.
48
Let c(i) = -i**2 + i + 21. Let x be c(0). Let w be (-3)/x + 85/7. Let n(v) = v**2 - 5*v + 2. Let q be n(6). Calculate the greatest common divisor of w and q.
4
Let f = 169 + -146. Let z be -48 + (-1)/2*-2. Let c = 137 - z. Calculate the greatest common divisor of f and c.
23
Let q = -137 + 121. Let n(i) = -i**2 - 19*i + 7. Let c be n(q). What is the highest common divisor of c and 11?
11
Suppose -5*w + 0*d + 105 = 3*d, -3*w - 5*d + 63 = 0. Let j = w - 17. Suppose -j*b + 2 = -18. What is the greatest common divisor of 2 and b?
1
Suppose 4 = 4*d - 4*m, -d - 2*d - m - 1 = 0. Let h be d + (-4)/1 + 8. Let j be 34 + 0/1 + h. What is the highest common factor of 19 and j?
19
Let z be 2779/147 + -19 - (-256)/42. Calculate the highest common factor of 291 and z.
3
Let m be ((10 - 4) + 72)*1/3. Calculate the highest common divisor of 338 and m.
26
Suppose 3*y - 85 = -n + 232, -4*y - 2*n = -426. Calculate the greatest common divisor of y and 91.
13
Suppose 0 = -22*c + 861 + 1449. What is the greatest common factor of c and 3?
3
Let k(l) = 3*l + 2. Let g be k(-2). Let w be (g/2)/(-2) + 87. Let q = 9 + -1. What is the highest common divisor of w and q?
8
Let m = -150 - -162. Let d be 3 + (28 - 3 - -2). Calculate the greatest common factor of d and m.
6
Suppose -2*i - 120 = -14*i. Let v = 31 - 16. What is the greatest common factor of v and i?
5
Suppose 5*u - 5 = w, 5*u + 4*w = 2*u + 26. Calculate the greatest common divisor of 24 and u.
2
Suppose 2*v - 65 = -15. What is the highest common divisor of v and 5?
5
Let v be 1*(9 - 4) - -15. What is the highest common divisor of 160 and v?
20
Let p be ((-203)/(-35) + 5)/(4/190). Calculate the greatest common divisor of p and 38.
19
Let g(r) = -r**3 + 7*r**2 + 11*r + 4. Let p be g(7). Suppose 2*q + q = p. Calculate the highest common divisor of 3 and q.
3
Let i be 22/99*18/10*1230. Calculate the greatest common divisor of 41 and i.
41
Let x(w) = -14*w + 151. Let b be x(10). What is the greatest common factor of b and 11?
11
Let j be -1*2*(-2)/4. Let c be (j + 59)*(-6)/(-4)*3. Calculate the greatest common factor of c and 30.
30
Suppose 70 = 10*p - 15*p. Let o be (58/4)/(11/22). Let w = o + p. Calculate the greatest common divisor of 60 and w.
15
Suppose 3*l + 4 = -l. Let m be l/8 - (11046/(-48) + 5). Calculate the greatest common divisor of 25 and m.
25
Suppose 28*k - 31*k = -120. Suppose 4*l + 5*v - k = 85, -2*l + 5*v = -25. Calculate the highest common factor of l and 50.
25
Let h be 978/28 + (-77)/(-1078). Let j be 1*-1*-5*1. What is the highest common factor of j and h?
5
Suppose -2*v + 2*z - 6*z = 12, -2*v + 3*z = -23. Suppose 5*p = -v*u + 92, -4 = p + 2*u - 20. What is the greatest common divisor of 30 and p?
10
Let s = 16 - 10. Let q(b) = 2*b**3 - b**2 + b + 2. Let j be q(2). Suppose s = 2*t - j. Calculate the greatest common divisor of t and 99.
11
Let r(g) = -g**2 + 9*g - 5. Let q be r(6). Let f = 328 - 263. What is the highest common divisor of q and f?
13
Suppose -36*y + 38*y + 2*o - 20 = 0, -58 = -3*y + 4*o. Calculate the highest common factor of y and 763.
7
Let g be -10*(1 + 5 - 7). Calculate the highest common factor of 14 and g.
2
Let a be 19/(-3) - 2/(-6). Let c be (-6)/a - 30/(-3). What is the greatest common divisor of 11 and c?
11
Suppose 5*u + 21 = 56. Let n(z) = 7*z - 9. Let x be n(u). Calculate the highest common divisor of 20 and x.
20
Suppose -184 = -3*b + 2*j, -2*j + 7*j = 4*b - 236. Let p(r) = r + 10. Let g be p(6). Calculate the greatest common factor of g and b.
16
Let n(j) = -2*j**2 - 8*j + 4. Let l be n(-4). Suppose l*z - 77 = 147. Calculate the greatest common divisor of z and 14.
14
Suppose 0*v = -3*v + 390. Let d be (-537)/21 + 3/(-7). Let b = d + 39. What is the greatest common factor of b and v?
13
Suppose -d + 9 = 5. Let j be 1/(1/2) - -30. Let q = d + j. Calculate the highest common divisor of 6 and q.
6
Suppose 4*z = -5*o + 46, -3*z + 24 = -2*z - 5*o. Let t(m) = m + 4. Let j be t(z). Calculate the highest common factor of 144 and j.
18
Let s be ((4 - 4) + 1)*8. Let c be 13 + 2/s*0. What is the highest common factor of 91 and c?
13
Suppose -w = -3*w - 3*u + 207, -105 = -w - u. Calculate the highest common factor of w and 702.
54
Suppose b - 5*b + 12 = 0. Suppose 175 = 4*c - b*c. What is the greatest common divisor of 25 and c?
25
Suppose 12*n - 531 = 3*n. Let j = n + -24. Calculate the highest common factor of 5 and j.
5
Let a(x) = -x**3 + 3*x**2 + 4*x + 18. Let l be a(6). Let u = -60 - l. What is the highest common factor of u and 30?
6
Let t(z) = 30*z + 2. Let o(n) = n**3 - n**2 - 3. Let r be o(0). Let k be t(r). Let f = -28 - k. What is the greatest common divisor of 40 and f?
20
Let d(x) = -x**2 + 9*x - 8. Let p be d(6). Let z(i) = -25*i - 2270. Let w be z(-94). What is the greatest common factor of w and p?
10
Let n(j) = -77*j - 175. Let l be n(-6). What is the greatest common divisor of 41 and l?
41
Suppose -5*j + 11 = -4. Suppose -27 - j = -5*q. What is the greatest common divisor of 6 and q?
6
Let f(c) = 4*c - 1. Let x be f(2). Let a = x - 5. Suppose -a*l + 4*i - 4 = 0, 2*l - 4*i - 20 = -6*i. What is the highest common factor of l and 4?
2
Let z be 2/(306/(-44) + 7). Calculate the greatest common factor of 11 and z.
11
Suppose 0 = -2*r + 4, 5*r + 18 = 2*k - 6*k. Let v(o) = -o + 3. Let n be v(k). What is the greatest common divisor of 70 and n?
10
Suppose 2*r - 11*r - 27*r = -13284. Let n be (-1 + 74/(-8))*-4. Calculate the greatest common factor of n and r.
41
Suppose 0*l - 2526 = -4*l + 5*o, 0 = 4*l + 3*o - 2510. Calculate the highest common factor of 17 and l.
17
Let p(m) = 59*m**2 - m. Let h be p(1). Let n = h - 22. Suppose 123 = 2*f - 3*c, 5 = -c - 0*c. Calculate the highest common divisor of n and f.
18
Let r(a) = 4*a + 50. Let x be r(-12). What is the highest common factor of 16 and x?
2
Let k(j) = 34*j**2 - j - 1. Let s be k(2). Let x = -68 + s. What is the greatest common divisor of 39 and x?
13
Suppose -83 + 11 = -4*k. Let v(m) = -54*m - 270. Let d be v(-6). Calculate the highest common divisor of d and k.
18
Suppose 3 - 27 = -2*a - 4*i, 5*a + 3*i - 74 = 0. What is the highest common divisor of 76 and a?
4
Let j be (10/(-15))/(4/6). Suppose -1 = -c - 7. Let n be ((-4)/(-6))/j*c. What is the highest common factor of n and 1?
1
Let y be (38 + -53)/(1/(-10)). What is the greatest common factor of y and 350?
50
Suppose -10*t + 544 = 144. What is the highest common divisor of t and 140?
20
Let n(p) = 59*p - 52. Let f be n(2). Calculate the greatest common divisor of 66 and f.
66
Suppose -4*c + 4*z = -28, 0*c - 3*c - 5*z = 11. Let f be (-357)/(-102)*(-4 - (-94)/7). What is the greatest common factor of c and f?
3
Suppose 28*h + 189 = 25*h. Let j = -50 - h. What is the greatest common divisor of j and 169?
13
Suppose -4*r + 7 = -5, 2*r + 20 = c. Calculate the highest common divisor of c and 13.
13
Suppose 0 = -4*p + 4*i + 111 + 105, -i = 3. Let g(q) = -q**3 - 11*q**2 + 12*q + 17. Let c be g(-12). What is the highest common factor of p and c?
17
Let s be ((-1)/(-2))/((-2)/(-76)). Let t(d) = d**3 - 20*d**2 + 19*d + 16. Let y be t(s). Calculate the greatest common factor of y and 32.
16
Let u(g) = g**3 + g**2 - 28*g + 172. Let z be u(12). What is the greatest common divisor of 28 and z?
28
Let u(s) = 2*s - 15. Let y be u(12). Let h be 1040/56 + (-8)/14. What is the highest common divisor of h and y?
9
Let c = 18 - 15. Suppose -c*x + 2*x = -2. Suppose x = 2*b - 2*v, b + 2*v = -v + 21. What is the highest common divisor of b and 4?
2
Suppose -4 = 3*k + s - 5, -s = -3*k + 5. Suppose -46 = -f + 3*o + k, o = -2*f + 66. What is the greatest common factor of 5 and f?
5
Let w be 75/27 + (-4)/(-18). Let s(p) = 22*p**2 - w*p - 3 - 8*p**2 - 13*p**2. Let m be s(4). What is the highest common divisor of 3 and m?
1
Suppose -s = 3*s + 12, -2*c + 5*s = -147. Let q(l) = l + 12. Let f be q(-6). What is the greatest common factor of c and f?
6
Suppose 4*i + 2*a + 64 = -72, a 